 - (38 - (-4 - -21)) - 3.
-17
-144 + 91 + 2 + -2 + -29 + 34 + 0
-48
Calculate 5 + -17 + 56 - ((10 - -2) + -7 - -2).
37
What is the value of (-138 - (-56 - 169)) + 36?
123
7219 + -7211 - ((-2 - (0 + -2)) + 18)
-10
(-11 - ((-78 - -45) + 15)) + (-1 + 0 - -14)
20
What is the value of (105 - 110) + 9 + (0 - 1) - (52 + -2)?
-47
Calculate 3 + -1 + -18 + 32 + (3 - 19) + 13.
13
-840 + 802 - (1 + 0 + 0)
-39
Calculate 10 - 1 - (86 + -127 + 100).
-50
14 + (-49 - -32) + 10 + -25 + 0
-18
7 + 5 + -37 + (11 - -18) + 62
66
What is the value of -49 + (-24 - -4 - (-114 + 77))?
-32
28 + (-1 - (-2 - 1) - 13 - (-158 - -144))
31
Evaluate -11 - (-2 + 0 + 3) - -23.
11
Evaluate -20 - -6 - -37 - (46 + 10).
-33
Calculate 5 + -8 + (-19 - -2) + (-8 - 1).
-29
What is the value of 35 + -19 + 5 + -27 - (-16 + -2 + 4)?
8
What is -328 - -224 - -78 - (-105 + 1)?
78
Evaluate (89 - (-5 - 4)) + -9 - (31 - (-28 + 55)).
85
What is (-21 + -24 - -56) + -2 + 11?
20
2 - 2 - (47 + -71 - -65)
-41
What is (12 + 0 - (-3 + (-48 - -27))) + 12?
48
What is the value of 14 + -91 + 28 + 3 + 0 + -13?
-59
-6 + (404 - 411) + (12 - -1) + -13
-13
Calculate -11 + 21 - (11 + (48 - 10)).
-39
Calculate (60 - (-3 + 9) - 5) + 645 + -641.
53
Calculate 12 + 1 + 2 + (-254 - -281) + -4 + -1.
37
Calculate -1 - 6 - (69 + -58 + (-1 - 22)).
5
Calculate -78 + -21 - 53 - -59.
-93
Evaluate (4 - 8 - (-1 + 7) - -11) + -7 + -83.
-89
What is (61 - 113 - -47) + 2 + -2 + (28 - 3)?
20
-82 + -25 + (-16 - -84)
-39
Calculate (-12 - ((72 - 34) + -42)) + -2 + 62.
52
1 + 169 - (16 + 0 + 9 + -29 - -20)
154
Calculate -85 - -65 - -22 - -83.
85
What is -93 - (38 - 65) - -76?
10
Calculate (-2 + 11 + 22 - -5) + -6.
30
Evaluate (7 - 25) + (-66 - -37).
-47
What is the value of 12 + (-27 - -13) + (7 - -10 - 26)?
-11
What is the value of 4 + (27 + -15 - (18 + 10))?
-12
What is the value of 0 + 15 - (19 + -18 + 11 + 23)?
-20
Calculate -22 - (108 + -92 - (2 - -75)).
39
What is the value of (-128 + 2 - (-70 + -30 + 90)) + (1 - -10)?
-105
What is (2 + -3 - (-178 + 162)) + (0 - -11)?
26
Calculate (1 - (-64 + 4)) + (-26 - (-26 + 12)).
49
Evaluate -142 + 59 + (15 - (0 - (1 - -6))).
-61
What is -5 + 15 + (11 - 3) + 3 - 12?
9
Evaluate -91 + (48 - 3 - 22).
-68
What is 42 - 89 - 58 - -59?
-46
(-85 - -28 - -58) + -64
-63
What is (-17 - (-3 - (-8 + 20 + -17))) + 104?
85
What is -10 - (46 + -81) - (4 - 34)?
55
(-26 - (-10 + 0)) + (6 - (-99 - -9))
80
Calculate 32 - -10 - (113 - 27) - (-2 + -13).
-29
Calculate (5 - (-2 + -4)) + -8 + 44 - (8 + -8).
47
-19 - -2 - (-867 - -812)
38
Evaluate 101 + (-11 - 40 - (30 + -50)).
70
Evaluate 0 + 47 + -408 + 414 + (11 - 0) + -16.
48
What is the value of -79 + 33 + (7 - 2) + 10?
-31
Calculate (17 - (2 + -3)) + -26 + 34 + -7 + 0.
19
Calculate -2 - 0 - -45 - (23 - 29) - (-21 - -12).
58
What is -64 + 62 - (0 + -11) - (-134 + 210)?
-67
What is (14 - 1) + (-8 - 14) + -6 - 7?
-22
-5 + (35 + 12 - 22) + -1
19
What is the value of 78 - (73 - (169 - 48))?
126
Evaluate 58 + -3 + (-138 - -102).
19
What is the value of -3 + 7 + (23 - (-8 + 21)) + -11 - 34?
-31
11 + 13 + -31 + 2 - 0 - -1
-4
What is (-8 - -4) + 19 - 5 - (-11 - -25 - 34)?
30
What is the value of -32 - (2 + (-6 + 5 - 0) - -7)?
-40
What is the value of 42 - 79 - (4 - 65)?
24
62 + 29 - 97 - (-11 + -1)
6
What is the value of 459 + -443 - (2 + -4 - -1)?
17
Calculate (344 - 474) + (-34 - -313).
149
(-80 - -220) + (0 - 8) + (-78 - -58)
112
Calculate 21 + -77 + 99 - (0 - 0).
43
What is the value of -238 + 160 - -6 - -29?
-43
-28 + (49 + -20 - 18) + -19 + 3
-33
Evaluate 20 - (-76 + 86 - (-3 - -10)) - 38.
-21
Evaluate 121 - (-2 + -18 + 26 + 13 + -16).
118
Calculate (1 - (-24 - -33)) + 2 + (18 - 2) - -7.
17
What is (-1 + 84 - (15 - 13)) + 3680 + -3669?
92
(0 - -4 - -15) + (132 - 176) - -16
-9
Calculate 232 - 61 - 167 - (1 + (1 - -25)).
-23
(25 - 39) + -140 + 98
-56
Evaluate 107 - 159 - (-53 - -1).
0
Calculate (1 - -8) + -66 + 14 + -33 + 18.
-58
What is -10 - (38 + -63) - (32 - (4 - -2))?
-11
What is (-2 + -62 - -100) + 18?
54
What is (13499 - 13492) + (-65 + -1 - (-1 - -1))?
-59
What is the value of (-23 - (-15 - 59)) + -9 + (-4 - 0)?
38
-6 + 0 + (-133 - -67) + 66
-6
What is (15 - 2) + -12 + 26 + 1?
28
Evaluate -79 + 54 + 34 + 59.
68
Evaluate 2 + (-61 - -4) - (-10 - (-7 + 0 - 0)).
-52
What is 8 - (81 + -188 - -63)?
52
Evaluate 58 - (22 + -38 + 8).
66
What is -11 - (-14 + (-11 - -13) - -9) - 23?
-31
What is the value of 49 - 4 - (142 - 127) - 24?
6
What is 66 - -7 - -5 - (-200 - -163)?
115
What is -15 + (24 - 20) + -4 - 25?
-40
What is 188 + -177 - (-5 - 33)?
49
Calculate (-2 - 6) + -57 + (9 - 12).
-68
Calculate 17 + -79 + 30 + (-25 - -1) + -2.
-58
Calculate (16 - 4) + (6 - ((15 - -17) + -17)).
3
34 + (-120 - (-51 + -3))
-32
What is -38 - (22 - (42 + (-22 - -6)))?
-34
What is the value of (3 - 2) + (80 - (27 - (16 + -7)))?
63
Calculate (-11 + 15 + -32 - -17 - -10) + 0 + 68.
67
What is the value of 91 + -71 - ((-1 - 1) + -6 - (-332 - -328))?
24
Evaluate -224 + 263 - (5 + (12 - 20)).
42
Calculate (-60 - -22) + 29 - (-4 - -5 - -27).
-37
(36 + -71 - -25) + (-84 - -4) + 0
-90
Evaluate (-10 - 82) + 7 - (11 - ((0 - -7) + -4)).
-93
Calculate -24 + 39 + -53 - (-54 + 71).
-55
Calculate -185 - (134 + -243 + 47).
-123
-145 + 45 + -17 - -18
-99
-53 + 55 - (-115 - -23)
94
What is (1 - (9 - (-17 - -13))) + 15 + 2 - 11?
-6
What is the value of 12 - (0 - (25 + 8) - (8 + -4))?
49
(2 - (-53 - -62)) + 10 + (0 - (-2 - -1))
4
What is the value of 57 + -1 + -7 + (103 - 109)?
43
Evaluate 19 - (12 - (7 + 2 - -1 - -3)).
20
What is 2 + 1 + 0 + -12 + 12 + -9 + 5?
-1
Evaluate -14 + (-5 - (2 + -6 + 7)) + 4.
-18
18 - (-36 + (-17 + 27 - -12))
32
What is 10 + 1 + (124 - 114) + (4 - 8)?
17
Evaluate 121 - (130 + -222 + 85).
128
Evaluate (53 - (-33 + 0)) + -96.
-10
What is -7 - (2 - (2 - (3 - 3))) - (-67 - 16)?
76
Calculate -4 - -82 - (-1 + -1 + (-38 - (-50 - -16))).
84
What is (22 - -2) + 25 - 13?
36
Evaluate 8 - ((7 + 2 - -2) + (-27 - -69)).
-45
Calculate (-90 - 2) + (-4 - (-57 + 30)).
-69
Evaluate 64 + (-94 - -85) + -58.
-3
What is the value of 19 - (40 + -18) - (7 - (1 - (-6 + 3)))?
-6
What is the value of -1 - (4 - (5 + -2 - (57 - 53)))?
-6
Calculate 216 + -131 + -51 - (0 - -1 - 13).
46
Evaluate 163 + -138 + -4 + (3 - -17).
41
What is -50 + -50 + 96 + (0 - -2) + 1?
-1
What is 5 + -10 + 23 + ((46 - -3) + -5 - -7)?
69
Calculate -1 + 5 - (7 - (2 + 6 - 9)).
-4
Evaluate -19 + (-23 - (13 - 47) - -5).
-3
Calculate -3 + -1 + (-73 - -65) + (0 - 26).
-38
-16 - (-99 - (-106 + 60))
37
What is the value of 3 - 1 - 12 - (-34 + (2 - (-48 - 56)))?
-82
Calculate 58 - (25 - (-25 - -55) - -10).
53
Calculate -42 + 73 - (13 - -7) - (5 - (-9 + -53)).
-56
What is -89 + 178 + -143 + 60?
6
Calculate (32 - -60) + -83 + 75.
84
What is the value of (-32 - (-4 - -3)) + 69?
38
What is the value of -1 + 12 + (235 - 229) + -5?
12
What is the value of (69 - (55 + 20)) + (0 - -11)?
5
What is the value of -41 + (-66 - -37) - -45?
-25
What is the value of 0 + 34 - (-1379 - -1443)?
-30
What is the value of -57 - (-83 + 51) - 85?
-110
Calculate 82 + -149 + 83 - -77.
93
0 + 30 - (-22 + (22 + -5 - 1))
36
What is the value of 5 - (9 + -26 + 10 + -3 + -21)?
36
What is the value of 1 + -32 - (-9 - (1 - (-14 + 17 - -14)))?
-38
What is -28 + 21 - 5 - (-32 + 5 + -1)?
16
14 - ((-4 - -44) + -57 + 37)
-6
What is 38 + -39 + 49 - 79?
-31
Evaluate (47 - 1) + (-11 - (-18 + (-31 - -7 - -30))).
47
Calculate 81 + 4 - (-12 - -171).
-74
What is the value of 1 + (2 - 1 - (-10 - (-14 + 52)) - 8)?
42
What is -45 + 10 + (-4 - -35)?
-4
Calculate 18 + (6 + 0 - (6 - 2 - 3)).
23
Evaluate 1 + -33 + (1 - (2 - -2)) - (-12353 - -12368).
-50
What is the value of (16 - (302 - 114)) + 116?
-56
What is the value of 15101 + -15106 - (3 + -4 - 104)?
100
Calculate 1 - 50 - (668 + -745).
28
What is the value of -2 + (-9 + (-4 - (-7 - 0)) + 9 - -56)?
57
-7187 - -7192 - (-36 + (-2 - 0))
43
What is 15 + -2 + (52 - 33) + -20?
12
What is the value of (1 - 60) + -31 + 29 + 45 + -38?
-54
What is the value of 70 + 0 - ((-169 - -154) + (10 - (-6 - -6)))?
75
What is the value of -4 + -2 + 1 - (30 + (-168 - -92))?
41
What is 11 - ((6 - (32 - (-23 + 13))) + 6)?
41
What is -3 + 2 + -599 + 570?
-30
Evaluate -28 + 18 - (-159 - -176).
-27
What is the value of -7 - ((72 - 23) + -51)?
-5
What is the va